247*v - 12. Let u(g) = g**3 - 4*g**2 - 2*g + 10. What is u(v)?
2
Let m(x) = 2*x**2 + 69*x - 429. Let q be m(-40). Let c(v) = v**3 - 10*v**2 - 12*v + 19. Give c(q).
8
Let b = 85 + -108. Let k be 2/23 - 136/b. Let f(i) = -2*i + 5. Determine f(k).
-7
Let g = 12/395 + 323/2370. Let c(o) be the third derivative of -19*o**2 + g*o**3 + 0*o + 1/24*o**4 + 0. What is c(2)?
3
Suppose 18*m - 48 = 2*m. Let b(q) = -28*q**3 - q + 3*q**2 + 16*q**3 + 13*q**m - 2*q + 4. Suppose 16 = -7*y - 12. Determine b(y).
0
Suppose r - a + 8 = 0, 3*r = a - 2*a - 16. Let f(s) = -s**3 - 13*s**2 - s + 33. Let q be f(-13). Let b(t) = -42*t + 6*t**2 + 87*t + t**3 - q*t - 1. Give b(r).
5
Let h(m) be the second derivative of -197*m + 0 - 5/6*m**4 - 1/20*m**5 + 2*m**2 - 8/3*m**3. Determine h(-8).
4
Let u be ((-236)/(-16) + -2)/(42/(-56)). Let w(n) = -n - 11. Give w(u).
6
Suppose -5*l + 2*p + 9 = -18, -2*l = 2*p - 22. Let t(z) be the third derivative of -z**6/120 + 7*z**5/60 + z**4/12 - 13*z**3/6 - 2*z**2 - 710*z. Calculate t(l).
1
Suppose 5*z - 135 = 5*m - 30, 0 = 5*m + 15. Let p(c) = z + 22 + 4*c - 40. What is p(2)?
8
Let f(b) = -3 + 0 - 7 - b. Let p be f(-12). Let y(g) = -7*g**3 - g**3 + p*g**3 + 2*g**3 - 1 + g**2. Calculate y(1).
-4
Let x = -4 + -2. Let n(t) be the third derivative of -t**5/60 - t**4/8 + 5*t**3/2 + 7*t**2 - t - 502. Give n(x).
-3
Suppose 0 = -m - 4*z + 48, -4*m + z + 174 = -z. Let t be 3/((-24)/m) - 6/(-12). Let n(d) = 4*d - 5. What is n(t)?
-25
Let h = -5991 + 5978. Let l(z) = -z - 37. Calculate l(h).
-24
Let s be (-33)/(-18) + (-4)/(-24). Suppose -n + 5*n - 8 = 0. Let z(a) = -2*a + 40 + a**s - 50 - n*a. Give z(7).
11
Let b(v) = 5*v**2 - 3*v + 99. Let y(u) = 2*u**2 - u + 50. Let g(x) = -3*b(x) + 7*y(x). Give g(0).
53
Let h(f) = -12*f + 63. Let l be h(5). Suppose l*c = -6*z + 10*z - 13, -27 = -z - 4*c. Let v(g) = -g**2 + 3*g + 16. What is v(z)?
-12
Suppose 2*f - 4*z - 24 = 0, -f + 5*z - z + 14 = 0. Suppose -1 = -f*c - 21. Let j(u) be the third derivative of -u**5/12 - u**4/12 + u**3/3 - u**2. Give j(c).
-14
Let c(n) = n + 10. Suppose 735 = -4*u - o, -4*o + 330 = 4*u + 1062. Let t = -195 - u. Calculate c(t).
-1
Let d(h) = h**3 + 2*h**2 - 77*h + 18. Let o be d(-10). Let y(a) = a**3 + 14*a**2 + 18*a - 74. Calculate y(o).
-2
Let l = 3 + -1. Let k(u) = 44*u + 55*u + 2 - 79*u. What is k(l)?
42
Let t(g) = -218*g + 238*g - 23 + 211*g**2 + 4 - 210*g**2. What is t(-20)?
-19
Let g(r) = -r**3 - 2*r**2 + 14*r - 14. Suppose 0 = 6828*b - 6989*b - 966. Calculate g(b).
46
Let x(s) = -s**2 + 8*s - 7. Let k be 4/(-22) + (-704)/121. Let z be (0 + 0)/((4 - -2)/k). Suppose z = -3*t + 4*y + 14, -4*t = -5*t - 4*y + 10. Determine x(t).
5
Suppose -10 = 2*x + 2*z, -2*x + 0 = 4*z + 22. Let o(r) = -7*r**3 + 11*r - 11. Calculate o(x).
-7
Let p(q) = -3 + q**3 - 5*q + 4*q**3 - 5*q**2 - 6*q**3. Let o be (2 - -1)/((-6)/(-8)). Suppose -2*l - 5 = 3*w, -o*l + 4*w - 10 - 10 = 0. Calculate p(l).
1
Suppose -2*f - 1 - 1 = 0. Let a(z) = 114*z + 463. Let d be a(-4). Let n = f + d. Let t(u) = u**2 - 6*u - 4. Determine t(n).
-4
Let v = -30 + 34. Let k be (-1 + v + -2)*8. Let w(m) = 2*m + 33 - 2*m**2 - k - 13 - 14. What is w(3)?
-14
Let l(b) be the first derivative of b**3/3 + 2*b**2 - 3*b + 5. Suppose 5*o + 6 = 3*f - 16, -5*f = -2*o - 24. Let a be (-3)/((-60)/(-25))*1*f. Give l(a).
2
Let a(k) = -4*k**3 - 12*k**2 + 5*k - 1. Let c(l) = -3*l**2 - 6*l**2 - l**3 - l**2 + 2*l - 8*l**2 + 17*l**2 - 1. Let g(z) = a(z) - 3*c(z). What is g(-9)?
11
Let h(d) be the first derivative of 0*d**3 + 15/2*d**2 + 1/6*d**5 + 0*d - 1/24*d**4 - 5. Let k(s) be the second derivative of h(s). Calculate k(1).
9
Let h be (10/(-15)*21/(-56))/(18/(-288)). Let l(x) = 7*x**3 + 9*x**2 - 9*x + 1. Let q(u) = 6*u**3 + 8*u**2 - 8*u + 1. Let f(t) = 5*l(t) - 6*q(t). What is f(h)?
3
Let g(d) = -d**3 + 35*d**2 - 69*d + 101. Suppose 3*w = 15, q + 66 = -3*w + 114. Calculate g(q).
2
Let u(l) = 9*l**2 + 3*l + 1. Let g(f) = -5*f**2 - f. Let i be (-20)/210 - (-3)/((-126)/(-214)). Let s = 4 - 1. Let t(w) = i*g(w) + s*u(w). Calculate t(-3).
9
Suppose j + 12 = 3*j. Let l be 2/(-4)*-1*(25 + -25). Let k(s) = 38 + s**3 - 2*s - 6*s**2 - 32 + l*s**3. Calculate k(j).
-6
Let w(v) be the third derivative of 0 - 110*v**2 - 5/6*v**3 + 0*v**4 + 1/120*v**6 - 2/15*v**5 + 0*v. Calculate w(8).
-5
Let w = -429 - -434. Let d(b) = 7*b**2 - 15*b - 5. Let o = -3 - 0. Let k(l) = 4*l**2 - 8*l - 2. Let g(z) = o*d(z) + 5*k(z). What is g(w)?
5
Let c(j) = -18*j**2 + 19. Let h(u) = 16*u**2 - 20. Let n(i) = -5*c(i) - 6*h(i). Let l(w) = -2*w**2 + 9. Let d(f) = -11*l(f) + 4*n(f). Give d(-1).
-1
Let g(w) = 39*w + 3. Let i(h) = -162*h - 13. Let l(d) = -17*g(d) - 4*i(d). What is l(-4)?
61
Let o(j) be the first derivative of -j**2/2 + 10*j - 1538. Calculate o(6).
4
Let j(r) = r + 2. Suppose 4 + 8 = -3*w, -5*q + 31 = -4*w. Let k(b) = -b. Let l(a) = q*k(a) + 2*j(a). What is l(11)?
-7
Let b(t) = t**3 - 10*t**2 + 6*t + 26. Let i be (-81)/(-8) - 3051/2712. Determine b(i).
-1
Let c(j) = 8*j**3 + 2*j**2 - 1. Let h = -288 + 244. Let q be (-19)/(1463/h) + (-6)/(-14). Determine c(q).
9
Let z(g) = -g**3 - 4*g**2 + g - 3. Let v(u) = 2*u**2 - 1119*u + 565*u + 0 + 573*u + 6. Let l be v(-9). Determine z(l).
-15
Let o be ((-6)/7)/((-2)/(-14)). Let t be (-11016)/(-180) + 1/(-5). Let g(k) = t*k - 4*k**2 - 64*k + 3*k**2 + 8. What is g(o)?
-10
Let d = 6 - 4. Let p(f) = -5*f**3 - 13*f**2 + 4*f + 8. Let y(v) = 6*v**3 + 15*v**2 - 5*v - 9. Let i(s) = -7*p(s) - 6*y(s). Determine i(d).
-2
Let c(i) = i**3 + 60*i**2 + 56*i - 157. Let o be c(-59). Let s(q) = q**2 - 23*q + 15. What is s(o)?
-45
Let x(l) = -6*l + 9. Let m(o) = 3*o - 4. Let u(t) = 5*m(t) + 2*x(t). Suppose 114 = -128*b + 90*b. What is u(b)?
-11
Let q(n) be the first derivative of n**4/4 - 6*n**3 + 11*n**2 - 45*n - 11067. What is q(17)?
40
Let i(l) = 20*l**3 + 5*l**2 - 25*l + 6. Let r(b) = -7*b**3 - 2*b**2 + 9*b - 2. Let p(d) = 6*i(d) + 17*r(d). Suppose -17 = -9*s + 10. Give p(s).
2
Suppose -5*z + 70 = 5*y, 5*z + 2*y = -0*z + 73. Suppose -21*p = -95*p + 1036. Let n(h) = p + 0*h - h - z. Determine n(-3).
2
Let k = -7 - -2. Let m(t) = 57*t + 11. Let l(i) = -38*i - 7. Let d = 229 + -237. Let x(z) = d*l(z) + k*m(z). Calculate x(1).
20
Let j(h) = 2*h**2 - 85*h - 89. Let r(l) = -l**2 + 38*l + 45. Let a(b) = -2*j(b) - 5*r(b). What is a(21)?
-26
Let g(i) = -i**2 - 11*i + 11. Let r(v) = -3. Let j(w) = g(w) + 4*r(w). Let x be ((-120)/(-28))/((-4)/(-28)). Let p = x + -41. What is j(p)?
-1
Let r(n) = -2 + 3*n**2 + 2*n + 7 + n**3 - 10*n**2. Let k be 11/(-1) - (-688)/43. Calculate r(k).
-35
Let w(a) = -34*a - 31. Let o be w(3). Let q = o + 134. Let f(i) = -20*i. What is f(q)?
-20
Suppose -12*z - 59 = -167. Let x(r) = z*r**2 - 7*r**2 - r**2 + 5*r + 22 + 10*r + r. Determine x(-14).
-6
Let z(l) = -l**2 - 10*l + 14. Suppose 26 = 5*k - o, k - 2*o = -0*k - 2. Suppose 0 = -3*c + 237 + 93. Suppose -c = 4*r + k*r. What is z(r)?
3
Let a(f) be the first derivative of -f**4/4 - 7*f**3/3 + f**2/2 + 4*f - 19. Suppose 917*z - 7 = 918*z. Give a(z).
-3
Let m(v) = 25*v**3. Let j(k) = k - 34. Let d be j(21). Let p(l) = l**3 + 13*l**2 - 1. Let q be p(d). Determine m(q).
-25
Suppose 5*r = 5*i + 1 - 6, -r + 8 = 2*i. Suppose 0 = o + 3*o - i*a - 34, -o + 5*a = -17. Let h(j) = -3*j + 8 + j**3 - o + 0. Calculate h(2).
3
Let f be (-597)/398 + 7/(-2) + (-6)/(-3). Let d(y) = y**2 - 2*y - 11. Determine d(f).
4
Let w(l) = -13*l**2 + 318*l - 89. Let r(b) = 3*b**2 - 69*b + 22. Let x(u) = 9*r(u) + 2*w(u). What is x(-10)?
-30
Let t(p) = -p**2 + 19*p - 12. Let l be (17/102*102)/1. Determine t(l).
22
Let w(h) = -4*h**3 - 5*h**2 + 3*h + 3. Suppose -153*x = -145*x - 16. What is w(x)?
-43
Let b = 9 - 6. Let f(o) = -o**2 - b*o - 2*o + 24*o**3 + 4*o. Suppose -99*x + 3*n = -94*x - 7, -4*x + 2*n + 4 = 0. What is f(x)?
-24
Let n(q) = -6 + 2603*q**2 - 5204*q**2 - 3 + q + 2602*q**2 - 7*q. What is n(-2)?
7
Suppose -90*d = -303 + 573. Let z(q) be the third derivative of -q**5/20 + q**3/6 - q**2. Give z(d).
-26
Let h(o) = 13*o**2 + o - 2. Let a be -6*(-8)/(-216)*9. Give h(a).
48
Let t(n) = 53*n**2 + 103*n - 3. Let y be t(-2). Let x(h) = 2*h**2 - 5*h + 1. What is x(y)?
4
Let z(y) be the first derivative of y**4/3 - 244*y - 338. Let u(h) be the first derivative of z(h). Give u(-1).
4
Let h(w) be the second derivativ